945196?
True
Does 622 divide 78514306?
False
Is 14 a factor of 1919097992?
True
Does 191 divide 72988326?
False
Is 393746427 a multiple of 81?
True
Does 15 divide 900143822?
False
Does 10 divide 93256050?
True
Is 477135407 a multiple of 12?
False
Does 17 divide 90172314?
False
Is 25 a factor of 3055725?
True
Is 181 a factor of 92977817?
False
Is 490028530 a multiple of 258?
False
Is 1968960 a multiple of 21?
True
Does 13 divide 8619111625?
False
Is 16 a factor of 294673692?
False
Is 335333754 a multiple of 294?
True
Is 706497439 a multiple of 11?
False
Does 1465 divide 1552670108?
False
Is 577229615 a multiple of 3191?
False
Is 183 a factor of 31124204?
False
Is 930 a factor of 30504000?
True
Is 705790656 a multiple of 48?
True
Does 12 divide 13741500?
True
Is 75 a factor of 13912575?
True
Is 15 a factor of 289857315?
True
Does 5 divide 435279091?
False
Is 97243128 a multiple of 8?
True
Is 14 a factor of 22690710?
True
Does 395 divide 520645155?
True
Does 7 divide 103062960?
True
Does 954 divide 816222366?
True
Does 106 divide 71913286?
False
Is 950 a factor of 186029000?
True
Is 218 a factor of 74412556?
True
Is 36 a factor of 1232641965?
False
Does 30 divide 382014540?
True
Is 772733126 a multiple of 40?
False
Does 86 divide 523546844?
True
Does 13 divide 72762651?
True
Does 2 divide 177222827?
False
Is 6093243 a multiple of 94?
False
Is 25578543 a multiple of 73?
True
Is 1517918030 a multiple of 651?
False
Is 268641045 a multiple of 4381?
False
Is 11952287 a multiple of 248?
False
Is 35 a factor of 86557635?
False
Does 26 divide 108824170?
True
Is 528257694 a multiple of 82?
True
Is 24265664 a multiple of 1088?
True
Does 13 divide 1166635964?
True
Is 5294888280 a multiple of 10152?
False
Does 137 divide 40025098?
True
Is 7 a factor of 1129103?
False
Is 463 a factor of 9627622?
True
Is 64296979 a multiple of 12?
False
Is 8817854 a multiple of 130?
False
Is 45678285 a multiple of 15?
True
Is 432635830 a multiple of 22?
True
Does 21 divide 18583042?
False
Does 134 divide 6730954?
True
Is 10282084 a multiple of 892?
True
Is 91344373 a multiple of 14?
False
Does 4 divide 14870582?
False
Is 611 a factor of 765380759?
True
Is 373 a factor of 9498072?
True
Is 367 a factor of 509396?
True
Does 2077 divide 104618973?
False
Does 9369 divide 5638225282?
False
Is 54462643 a multiple of 23?
True
Is 154035773 a multiple of 678?
False
Does 7 divide 223374964?
False
Is 2991 a factor of 2342332086?
False
Is 775486430 a multiple of 1912?
False
Does 9 divide 11198476?
False
Does 13 divide 2597155509?
True
Is 112 a factor of 1080962121?
False
Does 704 divide 57283776?
True
Does 59 divide 1151615631?
True
Is 10 a factor of 1325656089?
False
Does 7525 divide 538692175?
True
Does 27 divide 293107662?
False
Does 29 divide 10587890?
False
Is 1037 a factor of 53388745?
False
Is 4637964 a multiple of 739?
True
Is 320241861 a multiple of 12?
False
Is 225950280 a multiple of 2769?
False
Does 11 divide 19802662?
True
Is 299 a factor of 78246426?
False
Is 21136259 even?
False
Is 34 a factor of 145554051?
False
Is 3716 a factor of 3623505150?
False
Is 937790810 a multiple of 1775?
False
Does 793 divide 110060641?
False
Is 97791026 a multiple of 242?
False
Does 99 divide 3045730248?
True
Does 1811 divide 136541545?
False
Is 14 a factor of 19083246?
True
Does 235 divide 239103226?
False
Is 2676 a factor of 1772828592?
True
Is 45 a factor of 4206915?
True
Does 1375 divide 23527625?
True
Is 189711711 a multiple of 21?
True
Is 1580909575 a multiple of 239?
False
Is 19628841 a multiple of 328?
False
Is 2652925 a multiple of 55?
True
Is 3250115820 a multiple of 60?
True
Is 299644936 a multiple of 116?
True
Is 211995580 a multiple of 10?
True
Is 719397017 a multiple of 290?
False
Does 106 divide 11203882?
True
Is 2624201372 a multiple of 2075?
False
Is 2203 a factor of 374761940?
False
Does 59 divide 63133852?
False
Is 136874539 a multiple of 4?
False
Is 347 a factor of 1017595891?
True
Is 550 a factor of 13852020?
False
Is 740591366 a multiple of 19?
False
Does 61 divide 381509465?
False
Is 5587 a factor of 820178853?
False
Is 133 a factor of 205004350?
False
Is 92 a factor of 67834268?
True
Is 4173 a factor of 587007564?
True
Does 598 divide 244187481?
False
Is 140810320 a multiple of 20?
True
Is 548131584 a multiple of 462?
True
Is 11 a factor of 116479344?
False
Does 13 divide 57724786?
False
Does 39 divide 434113817?
False
Is 339 a factor of 112180577?
False
Does 64 divide 241838016?
True
Is 4467 a factor of 294750528?
True
Does 756 divide 38204460?
True
Is 25 a factor of 414352606?
False
Is 2556640055 a multiple of 17?
False
Does 740 divide 1128169632?
False
Is 9 a factor of 3850247?
False
Is 228 a factor of 19301080?
False
Does 738 divide 81433358?
False
Is 1738 a factor of 16524904?
True
Is 7 a factor of 20409692?
False
Is 161491732 a multiple of 118?
True
Is 9 a factor of 2498031?
True
Is 18 a factor of 38821352?
False
Is 3490380 a multiple of 15?
True
Does 681 divide 1353694212?
False
Is 341720558 a multiple of 249?
False
Is 13395854 a multiple of 58?
True
Is 665975894 a multiple of 47?
False
Is 5 a factor of 7512714?
False
Is 31 a factor of 168335487?
True
Is 214 a factor of 48847284?
False
Does 83 divide 73104872?
False
Is 385 a factor of 33232815?
True
Is 225 a factor of 22140900?
True
Is 20 a factor of 48536460?
True
Does 44 divide 342127368?
True
Does 466 divide 152628048?
True
Is 1028082602 a multiple of 35?
False
Is 1032858087 a multiple of 291?
False
Does 32 divide 131036256?
True
Is 24995111 a multiple of 15?
False
Does 3 divide 28994587?
False
Is 76669096 a multiple of 923?
False
Is 2 a factor of 394321538?
True
Is 287436 a multiple of 34?
True
Is 2299635922 a multiple of 119?
False
Does 59 divide 796240282?
True
Is 57352496 a multiple of 16?
True
Is 192249080 a multiple of 5?
True
Is 36 a factor of 15447532?
False
Is 6 a factor of 3767760?
True
Is 6985959 a multiple of 25?
False
Is 149907305 a multiple of 595?
False
Is 890730810 a multiple of 2322?
True
Is 1246 a factor of 989605596?
True
Does 31 divide 3949743?
False
Is 10788090 a multiple of 15?
True
Does 30 divide 8775690?
True
Is 10906420 a multiple of 155?
True
Does 377 divide 30860860?
False
Is 658 a factor of 9973964?
True
Is 33 a factor of 21130131?
True
Does 18 divide 30243024?
True
Is 2 a factor of 113968891?
False
Does 117 divide 197726490?
True
Does 48 divide 110462451?
False
Does 115 divide 15393936?
False
Does 5 divide 48151380?
True
Does 11 divide 35921413?
True
Is 63 a factor of 4395384?
True
Does 33 divide 1578765219?
False
Is 1200 a factor of 46573248?
False
Is 154 a factor of 557147052?
True
Does 3354 divide 3722871162?
False
Does 2 divide 981460?
True
Is 270163830 a multiple of 15?
True
Does 1330 divide 11527110?
True
Is 976 a factor of 209028944?
True
Is 1639 a factor of 9184088?
False
Is 5 a factor of 128514035?
True
Is 12273 a factor of 550763148?
True
Is 11309466 a multiple of 469?
True
Is 756885087 a multiple of 223?
False
Does 1137 divide 760394449?
False
Does 850 divide 918657323?
False
Does 6 divide 1403226?
True
Does 466 divide 4458276056?
True
Is 1277632132 a multiple of 7?
True
Is 512 a factor of 167571367?
False
Does 201 divide 205207734?
True
Is 26278819 a multiple of 5?
False
Does 45 divide 67050675?
True
Is 720245849 a multiple of 61?
True
Does 33 divide 715224975?
False
Is 3984 a factor of 4108253953?
False
Does 23 divide 238251273?
True
Does 26 divide 1454492?
True
Does 1075 divide 3223925?
True
Does 148 divide 31259535?
False
Does 185 divide 12202501?
False
Does 10 divide 28219023?
False
Is 42991814 a multiple of 302?
True
Does 17 divide 444286806?
True
Does 378 divide 678146400?
False
Does 1570 divide 93698017?
False
Does 1664 divide 99698560?
True
Does 305 divide 38020080?
True
Does 304 divide 74584272?
True
Does 1936 divide 35556868?
False
Is 27682782 a multiple of 2643?
True
Is 731803812 a multiple of 1655?
False
Is 303 a factor of 70898624?
False
Is 15 a factor of 126949561?
False
Is 1917 a factor of 271730916?
True
Does 132 divide 5022072?
True
Is 95 a factor of 90144760?
False
Does 23 divide 799595805?
True
Does 4 divide 419643155?
False
Does 22 divide 365042873?
False
Does 105 divide 672191415?
True
Is 24029748 a multiple of 4?
True
Is 19 a factor of 175548594